{"id":1337,"date":"2023-06-11T12:53:30","date_gmt":"2023-06-11T12:53:30","guid":{"rendered":"https:\/\/www.latino13.com\/?page_id=1337"},"modified":"2023-10-01T14:40:13","modified_gmt":"2023-10-01T14:40:13","slug":"mein-schreibstil-ist-wie-derkaffee-in-ecuador","status":"publish","type":"page","link":"https:\/\/www.latino13.com\/?page_id=1337","title":{"rendered":"MEIN SCHREIBSTIL IST WIE DER KAFFEE IN ECUADOR"},"content":{"rendered":"\n<p><strong>Leta Semadeni wurde f\u00fcr ihr schriftstellerisches Gesamtwerk geehrt. Was das in der Autorin ausl\u00f6ste und warum das Schreiben f\u00fcr sie zum Leben geh\u00f6rt wie das Z\u00e4hneputzen.<\/strong><\/p>\n\n\n\n<p><\/p>\n\n\n\n<figure class=\"wp-block-gallery has-nested-images columns-default wp-block-gallery-1 is-layout-flex wp-block-gallery-is-layout-flex\"><\/figure>\n\n\n\n<p><strong>Leta Semadeni, was haben<\/strong> <strong>Sie heute vor?<\/strong><\/p>\n\n\n\n<p>Nach dem Mittag habe ich am Literaturfestival Literaare in Thun eine Lesung. Danach reise ich ins Unterengadin zur\u00fcck. Abends werde ich zur Entspannung Klavier spielen.<\/p>\n\n\n\n<p><strong>Seit wann spielen Sie?<\/strong><\/p>\n\n\n\n<p>Ich begann in der ersten Klasse. Als ich zum Studieren nach Z\u00fcrich zog, hatte ich keine Zeit und kein Klavier mehr. Heute nehme ich wieder Stunden,&nbsp; denn das Musizieren ist f\u00fcr mich eine wichtige Ausdrucksform.<\/p>\n\n\n\n<p><strong>Wie das Schreiben. <\/strong><\/p>\n\n\n\n<p>Auch&nbsp;das&nbsp;begleitet&nbsp;mich&nbsp;seit meiner&nbsp;Kindheit. Mein&nbsp;Vater Jon Semadeni war Schriftsteller. Abends&nbsp;las er&nbsp;meiner&nbsp;Mutter und uns vier Kindern seine Texte&nbsp;vor. Das&nbsp;ermunterte&nbsp;mich, selbst Gedichte zu verfassen. F\u00fcr mich geh\u00f6rt das Schreiben zum Leben wie das Z\u00e4hneputzen.<\/p>\n\n\n\n<p><strong>K\u00fcrzlich haben Sie den Schweizer Grand Prix Literatur gewonnen.<\/strong> <strong>Wie f\u00fchlt sich das an?<\/strong><\/p>\n\n\n\n<p>Es ist eine riesige \u00dcberraschung und eine grosse Freude. Lange Jahre wurde ich kaum wahrgenommen.&nbsp; Meine Gedichte waren nur im r\u00e4toromanischen Teil der Schweiz bekannt.<\/p>\n\n\n\n<p><strong>Sie schreiben in Romanisch und Deutsch. Welche Sprache ist Ihnen n\u00e4her? <\/strong><\/p>\n\n\n\n<p>Bis ich zehn war, sprach ich ausschliesslich Vallader, &nbsp;das Unterengadiner&nbsp;R\u00e4toromanisch-Idiom. Erst in der vierten Klasse lernte ich Deutsch. Heute f\u00fchle ich&nbsp;mich in&nbsp;beiden&nbsp;Sprachen gleichermassen zu Hause.<\/p>\n\n\n\n<p><strong>Sie haben Gedichte und zwei Romane geschrieben. Den ersten davon mit 72 Jahren. Warum so sp\u00e4t? <\/strong><\/p>\n\n\n\n<p>Eigentlich wollte ich immer Prosa schreiben, doch es gelang mir nicht. Ich k\u00fcrzte die Texte so stark, bis ein Gedicht \u00fcbrig blieb. Als ich mich bei einer Kollegin dar\u00fcber beklagte, sagte sie:\u00abNimm&nbsp;dir&nbsp;vor, einen Monat lang nichts zu streichen.\u00bb Ich befolgte ihren Rat, und es klappte.<\/p>\n\n\n\n<p><\/p>\n\n\n\n<p class=\"has-medium-font-size\"><strong><em>\u00abSchmerzhaft ist in meinem Alter, dass immer&nbsp;mehr Menschen&nbsp;aus meinem<\/em> <em>nahen&nbsp;Umfeld sterben.\u00bb<\/em><\/strong><\/p>\n\n\n\n<figure class=\"wp-block-image size-full is-resized\"><a href=\"https:\/\/www.latino13.com\/wp-content\/uploads\/2023\/06\/Leta-Semadeni.jpg\"><img loading=\"lazy\" decoding=\"async\" src=\"https:\/\/www.latino13.com\/wp-content\/uploads\/2023\/06\/Leta-Semadeni.jpg\" alt=\"Leta Semadeni\" class=\"wp-image-1349\" width=\"228\" height=\"256\" srcset=\"https:\/\/www.latino13.com\/wp-content\/uploads\/2023\/06\/Leta-Semadeni.jpg 526w, https:\/\/www.latino13.com\/wp-content\/uploads\/2023\/06\/Leta-Semadeni-267x300.jpg 267w, https:\/\/www.latino13.com\/wp-content\/uploads\/2023\/06\/Leta-Semadeni-250x281.jpg 250w, https:\/\/www.latino13.com\/wp-content\/uploads\/2023\/06\/Leta-Semadeni-300x337.jpg 300w\" sizes=\"(max-width: 228px) 100vw, 228px\" \/><\/a><\/figure>\n\n\n\n<p><strong>LETA SEMADENI, 78, <\/strong>ist Schriftstellerin und lebt im Unterengadin. Ihre Gedichte und Romane wurden mehrfach ausgezeichnet.<\/p>\n\n\n\n<p>Das war der Anfang meines ersten Romans \u00abTamangur\u00bb.<\/p>\n\n\n\n<p><strong>Aber Ihr Schreibstil ist knapp geblieben.<\/strong><\/p>\n\n\n\n<p>Ja, ich vergleiche ihn gerne mit dem Kaffee in Ecuador.<\/p>\n\n\n\n<p><strong>Wie ist der denn? <\/strong><\/p>\n\n\n\n<p>Ich lernte ihn kennen, als ich dort Spanisch studierte. Bestellte ich Kaffee, bekam ich zwei K\u00e4nnchen serviert. Eins mit dickfl\u00fcssigem Kaffee, das andere mit heissem Wasser. Genauso ist es mit meinen Texten: Was ich serviere, ist das Konzentrat; das Wasser muss die Leserschaft selbst dazugiessen. <\/p>\n\n\n\n<p><strong>Was empfinden Sie, wenn Sie ein Buch publizieren?<\/strong> <\/p>\n\n\n\n<p>Der Vogel, den ich kreiert habe, fliegt weg. Ich kann seinen Flug nicht mehr beeinflussen, ich kann nur hoffen, dass er an einem Ort landet, wo er willkommen ist.<\/p>\n\n\n\n<p><strong>Wann schreiben Sie?<\/strong><\/p>\n\n\n\n<p>Gibt es unter den Menschen Eulen und Lerchen, geh\u00f6re ich zu den Eulen. Aber grunds\u00e4tzlich schreibe ich nur, wenn ich Lust dazu habe.<\/p>\n\n\n\n<p><strong>Ist das ein Privileg des \u00c4lterwerdens?<\/strong><\/p>\n\n\n\n<p>Ich habe das schon fr\u00fcher so gehandhabt. Doch den Mut, meine Stelle als Lehrerin zu k\u00fcndigen und mich ganz dem Schreiben zu widmen, hatte ich tats\u00e4chlich erst mit sechzig.<\/p>\n\n\n\n<p><strong>Sie sind 78.&nbsp;Wie gehen Sie mit der Begrenztheit des Lebens um?<\/strong><\/p>\n\n\n\n<p>Ich bin mir ihrer bewusst, versuche aber, nicht st\u00e4ndig dran zu denken, denn ich m\u00f6chte noch vieles erschaffen. Schmerzhaft ist, dass immer mehr Menschen aus meinem nahen Umfeld sterben. Wenn man alt wird, muss man sich st\u00e4ndig neue Freunde suchen.&nbsp;<\/p>\n","protected":false},"excerpt":{"rendered":"<p>Leta Semadeni wurde f\u00fcr ihr schriftstellerisches Gesamtwerk geehrt. Was das in der Autorin ausl\u00f6ste und warum das Schreiben f\u00fcr sie zum Leben geh\u00f6rt wie das Z\u00e4hneputzen. Leta Semadeni, was haben Sie heute vor? Nach dem Mittag habe ich am Literaturfestival Literaare in Thun eine Lesung. Danach reise ich ins Unterengadin zur\u00fcck. Abends werde ich zur [&hellip;]<\/p>\n","protected":false},"author":1,"featured_media":0,"parent":0,"menu_order":0,"comment_status":"closed","ping_status":"closed","template":"","meta":{"footnotes":""},"_links":{"self":[{"href":"https:\/\/www.latino13.com\/index.php?rest_route=\/wp\/v2\/pages\/1337"}],"collection":[{"href":"https:\/\/www.latino13.com\/index.php?rest_route=\/wp\/v2\/pages"}],"about":[{"href":"https:\/\/www.latino13.com\/index.php?rest_route=\/wp\/v2\/types\/page"}],"author":[{"embeddable":true,"href":"https:\/\/www.latino13.com\/index.php?rest_route=\/wp\/v2\/users\/1"}],"replies":[{"embeddable":true,"href":"https:\/\/www.latino13.com\/index.php?rest_route=%2Fwp%2Fv2%2Fcomments&post=1337"}],"version-history":[{"count":25,"href":"https:\/\/www.latino13.com\/index.php?rest_route=\/wp\/v2\/pages\/1337\/revisions"}],"predecessor-version":[{"id":1418,"href":"https:\/\/www.latino13.com\/index.php?rest_route=\/wp\/v2\/pages\/1337\/revisions\/1418"}],"wp:attachment":[{"href":"https:\/\/www.latino13.com\/index.php?rest_route=%2Fwp%2Fv2%2Fmedia&parent=1337"}],"curies":[{"name":"wp","href":"https:\/\/api.w.org\/{rel}","templated":true}]}}